+ u. Calculate the greatest common factor of 330 and f.
30
Let z be (162/4)/(408/2720). Let m = -40 - -50. Calculate the highest common divisor of m and z.
10
Suppose f = -5*l + 1 + 1, -l - 5*f - 14 = 0. Let k be l*(2 + -3 - -11). What is the greatest common factor of 5 and k?
5
Let m = 1306 + 74. What is the highest common divisor of 90 and m?
30
Suppose 2*x = -4*w + 50, -5*x - 4*w + 5*w + 92 = 0. Suppose 7 = 4*v - 21. Suppose -x = -s - v. Calculate the greatest common factor of s and 8.
4
Suppose 0 = 2*d + 2*a - 2838, -4281 = -3*d + 10*a - 9*a. What is the highest common divisor of d and 456?
57
Let k(w) be the second derivative of -10*w**3/3 + 3*w**2/2 - 52*w. Let d be k(-3). What is the highest common divisor of 126 and d?
63
Let f be (-8)/44 - 186/66. Let a be (-4 - f)*15/(-3). What is the greatest common divisor of a and 80?
5
Let w(s) = -36*s + 32. Let j(n) = 71*n - 63. Let c(x) = -3*j(x) - 7*w(x). Let q be c(5). Calculate the greatest common divisor of 10 and q.
10
Suppose 0 = 13*z - 28 - 11. Suppose 0 = 2*m - z*m + 42. Calculate the highest common factor of 30 and m.
6
Let q be 2/(-15) + (-854)/(-105). Suppose 10*a = 63 + 337. What is the greatest common divisor of a and q?
8
Let u(f) = 3*f**2 + 17*f + 19. Let l(w) = 4*w**2 + 25*w + 29. Let m(d) = 5*l(d) - 7*u(d). Let o be m(6). What is the highest common divisor of o and 36?
12
Suppose -227*o - 38 = -265*o. Calculate the greatest common factor of o and 716.
1
Suppose -4*a + 52584 = -5*j, 22*a = 20*a + j + 26286. Calculate the highest common factor of 68 and a.
17
Let b be 4/5 + 6104/70. Let x(a) = 3*a**3 - a**2. Let o be x(1). Suppose l + o*z - 20 = -0*l, 3*l - 2*z - 68 = 0. What is the greatest common factor of l and b?
22
Let b be 315/(-28)*((-6)/21 + 352/(-336)). Calculate the greatest common divisor of 4665 and b.
15
Suppose 0 = -4*f - 0*q - 3*q + 432, 3*q = -5*f + 537. Let s = -36 + 11. Let k = 40 + s. Calculate the greatest common divisor of f and k.
15
Let m be ((17 + -5)/24)/(3 + (-4796)/1600). Let i(f) = -3*f + 7. Let b be i(-6). What is the highest common divisor of m and b?
25
Let a be -4*1/18 - (-418)/99. Calculate the highest common factor of a and 8852.
4
Let w(b) = 30*b**3 + 3*b**2 + 7*b - 23. Let p be w(3). What is the highest common divisor of 5 and p?
5
Suppose 168 = -4*u + 5*s + 9, 2*u = -5*s - 87. Let m be (4/6)/(((-48)/(-171))/(-8)). Let x = m - u. Calculate the highest common factor of x and 55.
11
Let x(f) = -4*f**3 + 262*f**2 - 95*f + 13. Let w be x(65). Calculate the highest common factor of 88 and w.
88
Suppose 5*g - 11*g + 12 = 0. Suppose -h = -g*v + 11, -2*v + v + 2*h - 2 = 0. Let m be 0 + 564/16 + (-2)/v. What is the greatest common factor of 5 and m?
5
Let c = 4 - 1. Suppose -2*d - 1 + 47 = 5*a, -4*a - c*d + 34 = 0. Let j = 163 + -113. What is the highest common divisor of j and a?
10
Suppose 326 = 4*l - 2*m, -4*l - 127 = -4*m - 443. What is the greatest common factor of 2814 and l?
42
Let c be -1*2370/(-6) - 4. What is the greatest common factor of 272 and c?
17
Let f(m) = -m**2 - 25*m - 83. Let y be f(-4). Let h = -59 - -60. Calculate the highest common divisor of h and y.
1
Let v(o) = -o**3 + o**2 + 25*o. Let z be v(4). Suppose -127*n + 123*n + z = 0. Calculate the highest common factor of 221 and n.
13
Let i be 240/12 + 3412 + 2/(-1). What is the greatest common divisor of 42 and i?
14
Let l = 34 - 32. Suppose -l*g + 6 + 280 = 0. Calculate the highest common factor of g and 13.
13
Suppose 2*m - 2*q = 124, 3*m - 2*q = -7*q + 210. Suppose -8*n = -m - 343. What is the highest common divisor of 85 and n?
17
Suppose -2*z + 1846 = -g, 0*g = -3*z + 2*g + 2772. What is the greatest common factor of 40 and z?
40
Let i = -71 + 77. Let w be (i - -10) + (-12)/(-2). What is the highest common divisor of 187 and w?
11
Suppose 0 = -4*u + 380 + 104. Let i be 5/2*(8 + -10). Let d be 10 - (-6 - (0 + i)). Calculate the greatest common divisor of u and d.
11
Let p(c) = -19*c**2 - 177*c + 37. Let d be p(-9). Calculate the greatest common factor of 140 and d.
7
Let k(l) = -17*l**2 - 148*l + 147. Let c be k(1). Suppose 0 = 3*r - 3 - 9. Let y = r - c. What is the highest common factor of 11 and y?
11
Let a(h) = h**2 + 12*h - 36. Let l be a(-21). Let c = l - 117. What is the highest common divisor of c and 96?
12
Suppose 0 = -23*i + 162*i - 68110. Calculate the greatest common factor of 5670 and i.
70
Suppose 0 = -554*d + 510*d + 5192. What is the greatest common divisor of 1534 and d?
118
Suppose -25 = -29*r + 24*r. Let t be 6/(-4) + r + 2/(-4). Suppose -s + 34 = t*f, -12 = -4*f + f. What is the greatest common divisor of 110 and s?
22
Let c(a) = 11*a + 45*a + 22*a - 438 - a + 5*a. Let s be c(6). Calculate the greatest common divisor of 432 and s.
54
Suppose -286*c + 87*c + 1281560 = 0. What is the greatest common divisor of 70 and c?
70
Let b be (-4 + (5 - -9))*2/4. Suppose 5*a + 0*h - 525 = 5*h, -2*a - b*h + 203 = 0. Calculate the greatest common factor of a and 39.
13
Let j = -98 + 100. Suppose 0 = -j*x + 7*x + 3*v - 428, -2*v = -2*x + 184. Calculate the greatest common divisor of 132 and x.
44
Suppose -3*o + 7*q + 664 = 0, -4*o - 167 + 1111 = -2*q. What is the greatest common factor of 2460 and o?
60
Let l = -279 + 308. Suppose 0 = l*s - 30*s + 92. What is the highest common factor of 115 and s?
23
Let m(j) = j**2 - 2*j. Let w be m(0). Suppose w = x - 23 + 24. Let i be (-1)/(236/240 + x). What is the highest common divisor of 150 and i?
30
Let u be 36/(-8)*(-28)/9. Calculate the highest common divisor of 1218 and u.
14
Suppose 3*n + 0 + 3 = -s, 2*s = -5*n - 6. Let r be 1/3 - 47/s. Suppose 16*d = 1103 + 689. What is the highest common divisor of r and d?
16
Let y(u) = u**3 + 3*u + 13. Let z be y(0). Suppose 4*h = z + 3. Calculate the highest common factor of h and 2.
2
Suppose 5*b = -20*u + 19*u + 269, -9*b + 1313 = 5*u. What is the greatest common factor of u and 133?
7
Let c(k) = k**3 + 16*k**2 - 189*k - 144. Let m be c(14). Calculate the highest common factor of m and 2.
2
Let b be 7 - 1 - (4872/8 + -3). Let s = b + 1020. What is the greatest common divisor of 60 and s?
60
Let a = -24949 - -28437. What is the highest common divisor of a and 144?
16
Suppose 3*q + 21 = 4*f, -3*f + q = -6 - 16. Suppose -9*x + 645 = 177. Let s = x + -43. What is the highest common factor of f and s?
9
Let g = -6892 - -6916. Calculate the highest common divisor of 18264 and g.
24
Let p(h) = 238*h + 2. Let b be p(1). Suppose 0 = 21*s - 11*s - b. What is the greatest common divisor of s and 132?
12
Let a(d) = -287*d - 2131. Let w be a(-22). Calculate the greatest common divisor of w and 141.
47
Suppose 2*k - 1285 = -5*v, -7*v - 5*k = -9*v + 485. Suppose -5*i = -x - v - 748, i = 3*x + 209. What is the highest common divisor of 40 and i?
40
Let p(r) = 2*r**3 - 102*r**2 + 10*r + 10. Let v be p(51). Calculate the greatest common factor of 40 and v.
40
Let k = 130 + -505. Let f = k + 438. What is the greatest common divisor of 18 and f?
9
Suppose -32 = 2*x - 56. Suppose x = -3*b, 2*g + 8*b - 88 = 12*b. Suppose 4*q - 32 - g = 4*v, -2*q + 38 = -4*v. Calculate the highest common factor of 6 and q.
3
Let h(g) = -32*g**3 + 3*g**2 - 14*g + 24. Let p be h(-4). Calculate the greatest common factor of 476 and p.
68
Let r be ((-4846)/2)/(-1) + 11*-1. What is the highest common factor of 1273 and r?
67
Suppose -2*k - 499 = 726*i - 731*i, 2*k = -i + 107. Calculate the greatest common factor of 17271 and i.
101
Suppose -20*d = g - 25*d + 17, -9 = -3*d. Let h(w) be the second derivative of -2*w**3/3 - w. Let u be h(g). What is the highest common factor of u and 1?
1
Let r(m) = -8*m**2 - 1 + 9*m**3 + 2*m**2 + 4*m**2 - 2*m. Let s be r(-1). Let h be (-18)/(s/(-135)*-1). What is the greatest common factor of h and 27?
27
Suppose 89*p = 58380 + 24924. What is the greatest common factor of p and 260?
52
Let x = -77 - -81. Suppose -2*d + 12 = 4*r, 5*d + 2 = -x*r + 2*r. What is the highest common factor of 76 and r?
4
Suppose 554 = -2*l + u - 6*u, -5*l - 1323 = -3*u. Let a = -259 - l. Calculate the highest common divisor of 16 and a.
8
Let t(q) = -65*q + 32. Let l be t(0). Let m(r) = -r**3 - 7*r**2 + 5*r - 8. Let c be m(-8). What is the greatest common factor of c and l?
16
Suppose 2531 = 3*b - k, 3371 = 3*b + b 